True
Is 58 a factor of 290?
True
Does 18 divide 954?
True
Does 15 divide 957?
False
Is 693 a multiple of 15?
False
Does 18 divide 4654?
False
Does 25 divide 1375?
True
Is 348 a multiple of 29?
True
Is 6 a factor of 51?
False
Is 49 a factor of 6140?
False
Is 47 a factor of 3337?
True
Does 7 divide 12250?
True
Is 426 a multiple of 14?
False
Does 21 divide 615?
False
Is 46 a factor of 5455?
False
Is 454 a multiple of 7?
False
Does 45 divide 13635?
True
Is 15 a factor of 2910?
True
Is 5 a factor of 1625?
True
Does 7 divide 455?
True
Does 21 divide 580?
False
Is 27 a factor of 3942?
True
Is 393 a multiple of 2?
False
Does 6 divide 246?
True
Is 26 a factor of 1071?
False
Is 2 a factor of 168?
True
Does 259 divide 37037?
True
Does 15 divide 3002?
False
Is 9371 a multiple of 229?
False
Does 115 divide 37720?
True
Is 3 a factor of 22102?
False
Does 57 divide 3306?
True
Is 4 a factor of 434?
False
Is 63 a multiple of 2?
False
Is 5855 a multiple of 39?
False
Does 15 divide 10650?
True
Is 628 a multiple of 2?
True
Is 34972 a multiple of 28?
True
Is 10872 a multiple of 85?
False
Does 12 divide 12048?
True
Is 73 a multiple of 12?
False
Is 14 a factor of 1004?
False
Is 207 a multiple of 9?
True
Is 12 a factor of 1548?
True
Does 30 divide 930?
True
Is 263 a multiple of 69?
False
Is 9 a factor of 16494?
False
Is 39 a factor of 2730?
True
Is 17005 a multiple of 48?
False
Is 156 a multiple of 2?
True
Is 641 a multiple of 21?
False
Is 1433 a multiple of 3?
False
Is 11231 a multiple of 6?
False
Is 17 a factor of 204?
True
Is 24400 a multiple of 40?
True
Is 61 a multiple of 3?
False
Does 29 divide 3254?
False
Is 93946 a multiple of 105?
False
Is 1203 a multiple of 75?
False
Does 10 divide 9860?
True
Is 9987 a multiple of 121?
False
Does 96 divide 346?
False
Is 11 a factor of 543?
False
Is 9 a factor of 36073?
False
Is 14 a factor of 518?
True
Is 4 a factor of 519?
False
Does 4 divide 148?
True
Is 7 a factor of 6034?
True
Is 9 a factor of 435?
False
Is 11 a factor of 4390?
False
Is 3030 a multiple of 10?
True
Does 2 divide 8081?
False
Does 17 divide 23237?
False
Is 26 a factor of 5720?
True
Does 4 divide 926?
False
Does 77 divide 1155?
True
Is 14 a factor of 1092?
True
Is 36 a multiple of 3?
True
Does 14 divide 336?
True
Does 17 divide 370?
False
Is 3 a factor of 40?
False
Is 33 a multiple of 15?
False
Is 5543 a multiple of 12?
False
Does 28 divide 10732?
False
Is 29900 a multiple of 115?
True
Is 55 a factor of 1580?
False
Does 26 divide 8415?
False
Is 556 a multiple of 26?
False
Is 19791 a multiple of 5?
False
Does 71 divide 13561?
True
Does 22 divide 4659?
False
Is 66 a factor of 847?
False
Is 3 a factor of 6125?
False
Does 14 divide 148?
False
Does 6 divide 786?
True
Does 4 divide 22922?
False
Does 12 divide 264?
True
Does 23 divide 10557?
True
Is 294 a multiple of 21?
True
Is 73361 a multiple of 57?
False
Is 56 a factor of 53760?
True
Does 58 divide 14036?
True
Is 68 a factor of 4284?
True
Is 70 a factor of 27720?
True
Is 7294 a multiple of 14?
True
Is 5690 a multiple of 69?
False
Does 11 divide 530?
False
Does 171 divide 15048?
True
Does 36 divide 12715?
False
Is 24 a factor of 2160?
True
Is 341 a multiple of 28?
False
Is 1874 a multiple of 110?
False
Does 45 divide 810?
True
Is 27 a factor of 175?
False
Does 22 divide 21076?
True
Is 16944 a multiple of 8?
True
Does 10 divide 3739?
False
Is 8 even?
True
Is 9710 a multiple of 10?
True
Is 37 a factor of 7548?
True
Is 100064 a multiple of 106?
True
Is 5582 a multiple of 32?
False
Is 42 a multiple of 13?
False
Is 28 a factor of 157?
False
Is 7 a factor of 161?
True
Is 21 a factor of 636?
False
Is 5425 a multiple of 25?
True
Is 7 a factor of 29001?
True
Is 47 a factor of 141?
True
Is 7 a factor of 10140?
False
Does 9 divide 1332?
True
Is 215 a factor of 36103?
False
Does 45 divide 1440?
True
Does 19 divide 9728?
True
Is 102 a factor of 12484?
False
Is 17 a factor of 408?
True
Is 12782 a multiple of 11?
True
Is 7 a factor of 10073?
True
Is 3030 a multiple of 15?
True
Is 21 a multiple of 8?
False
Is 50 a factor of 2198?
False
Is 259 a factor of 61901?
True
Is 96 a multiple of 4?
True
Is 7467 a multiple of 14?
False
Does 27 divide 3905?
False
Is 10800 a multiple of 45?
True
Is 2759 a multiple of 3?
False
Is 22 a factor of 5280?
True
Is 9 a factor of 1251?
True
Is 20 a factor of 560?
True
Is 2754 a multiple of 18?
True
Is 5 a factor of 37722?
False
Does 19 divide 1254?
True
Is 19 a factor of 418?
True
Is 14 a factor of 1237?
False
Does 34 divide 20298?
True
Is 6172 a multiple of 69?
False
Does 25 divide 16100?
True
Is 9 a factor of 31831?
False
Does 267 divide 19758?
True
Is 2 a factor of 2180?
True
Is 8949 a multiple of 64?
False
Does 16 divide 42064?
True
Is 12 a factor of 2217?
False
Is 429 a multiple of 9?
False
Is 57 a multiple of 21?
False
Is 2120 a multiple of 35?
False
Is 45 a factor of 180?
True
Is 23092 a multiple of 226?
False
Is 4956 a multiple of 14?
True
Is 26 a factor of 5001?
False
Is 57 a factor of 2660?
False
Is 5676 a multiple of 44?
True
Does 4 divide 175?
False
Is 544 a multiple of 16?
True
Is 51 a factor of 1479?
True
Is 2646 a multiple of 42?
True
Is 15 a factor of 5197?
False
Is 86 a factor of 12509?
False
Does 6 divide 228?
True
Is 31 a factor of 6789?
True
Is 1078 a multiple of 49?
True
Is 8 a factor of 3536?
True
Does 41 divide 5181?
False
Does 8 divide 4424?
True
Is 3 a factor of 4193?
False
Is 43 a factor of 1177?
False
Is 5 a factor of 75?
True
Does 282 divide 12690?
True
Is 11 a factor of 1351?
False
Is 1108 a multiple of 5?
False
Is 51 a factor of 2805?
True
Is 10 a factor of 10699?
False
Is 14 a factor of 1582?
True
Is 240 a multiple of 16?
True
Is 1237 a multiple of 8?
False
Is 3 a factor of 110?
False
Is 31 a factor of 527?
True
Is 7 a factor of 2943?
False
Is 4 a factor of 25394?
False
Is 8064 a multiple of 96?
True
Is 6 a factor of 44766?
True
Does 19 divide 399?
True
Does 12 divide 35088?
True
Does 108 divide 10202?
False
Is 3253 a multiple of 28?
False
Is 1633 a multiple of 31?
False
Does 21 divide 210?
True
Is 37 a factor of 518?
True
Does 18 divide 4505?
False
Does 3 divide 1985?
False
Does 156 divide 43377?
False
Does 71 divide 14200?
True
Is 336 a multiple of 16?
True
Is 183 a multiple of 61?
True
Is 14 a factor of 1606?
False
Is 11150 a multiple of 84?
False
Does 10 divide 4684?
False
Is 2 a factor of 334?
True
Is 456 a multiple of 3?
True
Is 65 a factor of 4036?
False
Is 8712 a multiple of 99?
True
Does 15 divide 5915?
False
Is 47820 a multiple of 15?
True
Does 36 divide 432?
True
Does 11 divide 7700?
True
Is 6 a multiple of 2?
True
Is 6 a factor of 126?
True
Is 422 a multiple of 25?
False
Is 55 a factor of 15290?
True
Is 2762 a multiple of 7?
False
Does 50 divide 3605?
False
Is 12 a factor of 492?
True
Does 56 divide 15254?
False
Does 17 divide 1292?
True
Is 10 a factor of 176?
False
Is 199 a multiple of 6?
False
Is 29216 a multiple of 32?
True
Does 9 divide 126?
True
Is 13 a factor of 676?
True
Does 15 divide 2717?
False
Is 9 a factor of 49618?
False
Is 8 a factor of 13384?
True
Is 462 a multiple of 14?
True
Is 311 a factor of 5598?
True
Is 756 a multiple of 14?
True
Is 187 a factor of 100505?
False
Is 42733 a multiple of 151?
True
Is 50 a factor of 9556?
False
Is 8 a factor of 2847?
False
Is 2190 a multiple of 30?
True
Is 16 a factor of 4128?
True
Is 80 a factor of 3692?
False
Is 15 a factor of 570?
True
Does 167 divide 7849?
True
Is 17 a factor of 8636?
True
Does 95 divide 1330?
True
Does 18 divide 1854?
True
Is 906 a multiple of 37?
False
Does 29 divide 1818?
False
Does 7 divide 5006?
False
Does 23 divide 3220?
True
Does 50 divide 550?
True
Is 7 a factor of 242?
False
Is 1478 a multiple of 6?
False
Is 160878 a multiple of 12?
False
Does 12 divide 1373?
False
Is 21 a factor of 691?
False
Is 35 a factor of 1662?
False
Is 13 a factor of 191?
False
Is 42 a factor of 1264?
False
Is 1377 a multiple of 81?
True
Does 121 divide 25894?
True
Is 45072 a multiple of 8?
True
Is 15415 a multiple of 7?
False
Is 45 a multiple of 9?
True
Is 936 a multiple of 52?
True
Is 694 a multiple of 9?
False
Is 46313 a multiple of 338?
False
Is 21 a factor of 88?
False
Does 10 divide 2032?
False
Is 15302 a multiple of 171?
False
Is 41 a factor of 4044?
False
Does 7 divide 69974?
False
Is 92 a f